uppose 0 = 2*f + f - 870. What are the prime factors of f?
2, 5, 29
Suppose -4*z - 71 = -3*p, 4*p = 3*z + 2*p + 52. Let i = -4 - z. What are the prime factors of i?
2, 5
Let v(r) = -r**3 - 3*r**2 - r - 4. Let f be v(-3). Let u(i) = -5*i. List the prime factors of u(f).
5
Let b(j) be the second derivative of j**4/12 + 17*j**2/2 - j. List the prime factors of b(0).
17
Let p = -57 - -61. List the prime factors of p.
2
Let g be 10/(-6)*5*3. Let c = g - -35. List the prime factors of c.
2, 5
Let n = 2 - 3. Let p be n/(2/(-12)*2). Suppose -2*h + p*u = -3*h, 5*h = u + 64. List the prime factors of h.
2, 3
List the prime factors of 0/3 - (-22 + 0).
2, 11
Let l(b) = b**2 + b - 1. Let f be l(-2). Let d be f - (-2)/(0 + -1). Let t(v) = 7*v**2 + v. List the prime factors of t(d).
2, 3
Suppose -7*t = -5*t - 94. What are the prime factors of t?
47
Suppose 0 = -5*k + 7*k - 52. What are the prime factors of k?
2, 13
Let k(y) = y**3 - y**2 + y - 7. List the prime factors of k(4).
3, 5
Suppose 2*z = 6*z. Suppose z = 2*o - 3*o. Let v = 4 - o. List the prime factors of v.
2
Let n(y) = y**2 + 10*y - 12. What are the prime factors of n(6)?
2, 3, 7
Let l be (-1)/(-5) - (-14)/5. Let t = l + 29. List the prime factors of t.
2
Let y = -48 + 33. Let w be 4/(-10) - 156/y. Let x = w - 6. List the prime factors of x.
2
Let x(r) = r**2 + r + 48. Let c be x(0). Suppose -3*d = -0*d - c. List the prime factors of d.
2
Let k(f) = 4 - 1 - 3*f - f. List the prime factors of k(-3).
3, 5
Let h = -85 - -131. List the prime factors of h.
2, 23
Suppose 0 = 3*j + j. Suppose -2*o = -j*o - 8. List the prime factors of o.
2
Let z(v) = v**2 + 24. List the prime factors of z(11).
5, 29
Suppose 62 = 3*y + 2*s, -y + 11 + 4 = -5*s. What are the prime factors of y?
2, 5
What are the prime factors of (39/(-4))/((-33)/176)?
2, 13
Suppose 5*v - 2*d = 27, 2*d + 1 = d. What are the prime factors of v?
5
Let z(y) = y**2 + 6*y + 9. Let h be 16/3*39/(-26). What are the prime factors of z(h)?
5
Let j(v) be the first derivative of v**3/3 + 3*v**2 - 4. List the prime factors of j(-8).
2
Let q = 5 - 3. Suppose -3*l = q*x + 2, -x + 24 - 7 = -3*l. Let t(m) = m**2 + 3*m - 1. List the prime factors of t(l).
3
Suppose -3*y + 66 = 2*v, -4*v - 3*y = 2*y - 128. List the prime factors of v.
3
Suppose 2*d + 2*g = 6 - 0, -5*d + g = -3. Let z = d + 7. What are the prime factors of z?
2
Suppose 0 = l - t - 3 + 4, 2*l + 10 = 4*t. Suppose v - 3 = l. What are the prime factors of v?
2, 3
List the prime factors of 2 + -3 + 11 + -1.
3
List the prime factors of (111*2)/((-1)/((-3)/6)).
3, 37
Let h be (-3)/2 - (-7)/(-14). Suppose -c - 3*n = -16, -4*c - 4*n + 9 + 15 = 0. Let r = c - h. List the prime factors of r.
3
Let u(o) = 3*o**3 - 5*o**2 - 4*o. Let s be u(4). Suppose 5*w = -s + 241. List the prime factors of w.
29
What are the prime factors of 16/(-8) - (-396)/2?
2, 7
Let n(t) = t**2 + t + 4. Let y be n(-3). Suppose 2*c + y = 118. What are the prime factors of c?
2, 3
Let d be 1*(-4 + (-1)/1). List the prime factors of (-73)/d - 2/(-5).
3, 5
Suppose -4*g + g = -60. What are the prime factors of g?
2, 5
Let z = -6 - -8. Let j be (-24)/(-2) - (4 - z). Suppose 4*r = -5*l + 62, -r - 4*l + 0 = -j. What are the prime factors of r?
2, 3
Suppose -2*t + 6*t + 8 = 0. Suppose 3*n + 5*b = 8 + 6, -6 = 3*b. List the prime factors of 30/n + t/(-8).
2
Suppose 9 = -5*o - 1. Let p be (o - 6)*(1 - 0). Let l(j) = -j - 4. List the prime factors of l(p).
2
Suppose x - 4*u = -x - 4, -3*x + 5*u = 4. What are the prime factors of x*2*(-68)/(-16)?
17
Suppose 20 = -5*x - 40. List the prime factors of 2*2/x*-51.
17
Let k(c) be the second derivative of c**4/12 + 2*c**3/3 - c**2/2 - 2*c. Let l be k(-5). What are the prime factors of ((-2)/(-3))/(l/30)?
5
Let p(s) = 2*s - 12. Let o be p(5). List the prime factors of (o/(-4))/((-9)/(-720)).
2, 5
Let u(t) = t**3 - 5*t**2 - t + 6. Let f be u(6). Suppose -4*b + 44 + f = 0. List the prime factors of -3*(-3)/(18/b).
2, 5
Let c = -216 + 323. List the prime factors of c.
107
Let v(w) = -w**3 - 15*w**2 + 14*w - 16. List the prime factors of v(-16).
2
Let c = 319 + -174. What are the prime factors of c?
5, 29
Let i(z) = 222*z - 7. What are the prime factors of i(1)?
5, 43
Suppose 3*t + 0*t = 2*i + 47, -3*t + 43 = 2*i. Let d = t + 5. What are the prime factors of d?
2, 5
Let i be 1314/8 + (-1)/4. What are the prime factors of (-2 + i/8)*2?
37
Suppose 0 = -4*u + 5*u - 24. Suppose i + i - u = 0. Suppose l + i = 5*l. What are the prime factors of l?
3
Suppose -10*y = -6*y - 160. What are the prime factors of y?
2, 5
Suppose -3*d + 76 = 2*g, -5*g = -5*d - 2*g + 152. List the prime factors of d.
2, 7
Suppose 84 = p + 8. Suppose h = 5*h - p. What are the prime factors of h?
19
Let y = 5 + -1. Suppose -2*j = j + 15, 4*j - y = -2*n. What are the prime factors of n?
2, 3
Let a(y) = 3*y**2 - 3*y + 2. List the prime factors of a(-8).
2, 109
Let h(p) = -4*p - 1. Suppose 29 = 4*j - 43. Let g be (-2)/10 - j/10. List the prime factors of h(g).
7
Let j = 9 - 6. Let o(u) = u**3 + u**2 + 4*u + 1. List the prime factors of o(j).
7
Suppose -35 = -2*d - 6*u + u, 5*u - 5 = 4*d. List the prime factors of d.
5
Let g(a) = -a**3 - 5*a**2 + 5*a + 5. Let s be (8/(-10))/(2/15). What are the prime factors of g(s)?
11
Suppose -9*p + 207 = -2223. What are the prime factors of p?
2, 3, 5
Suppose -8 = 4*l, -l + 29 = 5*t - 3*l. Let p = t - 3. List the prime factors of ((-7)/(-2) + -1)*p.
5
Let d(i) = 2*i + i + 23 - 3*i - i**3. What are the prime factors of d(0)?
23
Suppose -4*p + d + 16 = 3, -p + 5*d = -27. Let w be (2/p)/(5/15). Suppose 0*u = -w*u + 36. What are the prime factors of u?
2, 3
Let b(f) = -f**3 + 7*f**2 - 6*f + 2. Let c be (-12)/(-54) + (-52)/(-9). Let h be b(c). Suppose 3*l + h*l = 55. List the prime factors of l.
11
Let d = 31 - 28. Suppose 0*h - 4*c = d*h - 90, 3*c = -4*h + 127. List the prime factors of h.
2, 17
Let w(o) = 7*o**2 + 2. List the prime factors of w(2).
2, 3, 5
Suppose 2*a = 3 + 1, 4*x + 2*a = 164. List the prime factors of x.
2, 5
Suppose 10 = 7*u - 39. List the prime factors of u.
7
Let t(n) = 3*n**2 - 6*n - 11. What are the prime factors of t(6)?
61
Let c be (-4)/(-8) + (-18)/(-4). Suppose 37 = c*r - 38. List the prime factors of r.
3, 5
Let j(q) = 3*q**2 + 2*q + 1. Let i be j(-1). Suppose 0 = -3*b - 3*z + 72, -2 = 5*b + i*z - 107. List the prime factors of b.
19
Let g(t) = -t**3 - 2*t**2 - t + 2. Let j be g(-3). Suppose -3*u + j = 3*r + 2*r, -3*u + 6 = 3*r. What are the prime factors of r?
2
Suppose -4*y + 3*k = -529, 4*y + 5*k - 111 = 458. List the prime factors of y.
2, 17
Suppose 0 = -0*h + 2*h - 8. List the prime factors of 67/h + (-3)/(-12).
17
Suppose d - 2*s - 2 = 0, 4*d - 20 = -3*s + 5*s. What are the prime factors of d?
2, 3
Let w(m) = -m**2 - 7*m - 2. Let a be w(-6). Suppose a*y - 4*n - 84 = 0, 5*y = n - 6*n + 145. What are the prime factors of y?
5
Let m be (1 - 1) + (-6)/(-2). Suppose -m*v + 57 - 6 = 0. List the prime factors of v.
17
Let o = 21 - 6. List the prime factors of o.
3, 5
Let c(n) = 2*n**2 - 19*n. List the prime factors of c(10).
2, 5
Suppose 3*n = 5*n - 14. What are the prime factors of n?
7
Let b(s) = -7*s - 7. Let d(v) = -v. Let t(p) = b(p) - 2*d(p). What are the prime factors of t(-5)?
2, 3
Let g(o) = o - 1. Let t be g(5). Let f be t/(-10) + 17/5. Suppose f*n - n - k = 9, 0 = -5*n + k + 24. What are the prime factors of n?
5
Suppose 4*k - 2*k = 8. Suppose k*x = 75 - 27. List the prime factors of x.
2, 3
Let b(h) be the first derivative of -h**3/3 - 7*h**2/2 + 8*h + 6. Suppose 4*y + 29 = 1. What are the prime factors of b(y)?
2
Let h = 12 - -3. List the prime factors of h.
3, 5
Suppose -5*j = -29 - 101. Suppose -5*f + j = l - 23, 9 = 3*f. What are the prime factors of l?
2, 17
Let z be 6/4 - 3/6. Let m = z + 48. What are the prime factors of m?
7
Let l = -3 + 5. List the prime factors of 55/10 + 1/l.
2, 3
Suppose 3*a = 4*c - 64, -5*a - 2*c - c = 68. List the prime factors of 3*(a/(-6) - 2).
2
List the prime factors of (2/(-5))/((-3)/225).
2, 3, 5
Let s = 18 + -15. What are the prime factors of s?
3
Let i be -2*((-9)/(-2))/(-3). What are the prime factors of 2 + (5 - (3 - i))?
7
Suppose -f = 3*f - 24. Suppose -f*q + 90 = -3*q. What are the prime factors of q?
2, 3, 5
Let w(p) = -p**